st common factor of 15 and 645?
15
What is the greatest common divisor of 444 and 333?
111
What is the highest common factor of 28467 and 9?
9
What is the greatest common factor of 1 and 81?
1
What is the highest common factor of 3120 and 52?
52
What is the highest common factor of 2060 and 70?
10
What is the highest common factor of 11679 and 51?
51
Calculate the greatest common factor of 3 and 330.
3
Calculate the highest common factor of 69 and 46.
23
What is the highest common divisor of 144 and 1548?
36
Calculate the highest common divisor of 261 and 9.
9
Calculate the highest common factor of 222 and 24.
6
Calculate the highest common factor of 7370 and 110.
110
What is the highest common divisor of 120 and 130?
10
What is the greatest common divisor of 1793 and 22?
11
Calculate the greatest common divisor of 18 and 63.
9
What is the greatest common factor of 91 and 195?
13
What is the highest common factor of 7089 and 17?
17
Calculate the greatest common factor of 88 and 2662.
22
Calculate the greatest common divisor of 2209 and 611.
47
What is the highest common divisor of 5 and 155?
5
Calculate the greatest common divisor of 516 and 244.
4
What is the highest common factor of 315 and 126?
63
Calculate the highest common factor of 588 and 144.
12
What is the highest common divisor of 19401 and 58?
29
Calculate the highest common factor of 5 and 215.
5
Calculate the highest common factor of 1296 and 90.
18
Calculate the highest common factor of 46 and 161.
23
What is the greatest common divisor of 22 and 99?
11
What is the highest common divisor of 2 and 13?
1
What is the greatest common divisor of 171 and 99?
9
Calculate the greatest common factor of 8 and 2104.
8
What is the greatest common divisor of 30 and 370?
10
What is the greatest common factor of 413 and 59?
59
Calculate the greatest common divisor of 2294 and 186.
62
Calculate the highest common divisor of 1207 and 17.
17
What is the highest common factor of 1590 and 30?
30
What is the greatest common factor of 518 and 70?
14
Calculate the highest common divisor of 29 and 29.
29
Calculate the highest common factor of 184 and 322.
46
Calculate the highest common factor of 135 and 4545.
45
Calculate the highest common factor of 234 and 351.
117
What is the greatest common divisor of 660 and 120?
60
Calculate the highest common divisor of 31862 and 178.
178
Calculate the highest common divisor of 3350 and 20.
10
Calculate the greatest common factor of 53 and 1325.
53
What is the greatest common factor of 58 and 2059?
29
What is the highest common divisor of 1309 and 833?
119
Calculate the greatest common factor of 10 and 430.
10
What is the greatest common factor of 469 and 42?
7
Calculate the highest common factor of 37 and 37.
37
Calculate the highest common factor of 564 and 1236.
12
Calculate the highest common factor of 40 and 56.
8
What is the highest common factor of 1963 and 13?
13
Calculate the highest common divisor of 63 and 7.
7
What is the highest common factor of 19 and 171?
19
Calculate the greatest common factor of 154 and 22.
22
What is the highest common divisor of 1316 and 168?
28
What is the highest common factor of 9752 and 23?
23
Calculate the highest common divisor of 315 and 2415.
105
Calculate the highest common divisor of 550 and 6.
2
What is the greatest common factor of 44 and 5632?
44
What is the greatest common divisor of 143 and 308?
11
Calculate the greatest common divisor of 458 and 1603.
229
What is the highest common divisor of 228 and 264?
12
Calculate the highest common divisor of 2622 and 2484.
138
Calculate the highest common factor of 112 and 5068.
28
Calculate the highest common factor of 222 and 12.
6
Calculate the greatest common divisor of 18 and 75969.
9
What is the greatest common factor of 26 and 1534?
26
Calculate the greatest common factor of 10 and 1570.
10
What is the highest common divisor of 1408 and 198?
22
What is the greatest common divisor of 210 and 378?
42
What is the greatest common divisor of 72 and 1176?
24
Calculate the highest common divisor of 2226 and 477.
159
Calculate the highest common divisor of 84 and 324.
12
Calculate the highest common factor of 178 and 1513.
89
Calculate the highest common divisor of 51 and 2499.
51
Calculate the highest common factor of 44 and 374.
22
Calculate the highest common divisor of 22 and 473.
11
What is the greatest common factor of 108 and 1107?
27
Calculate the highest common factor of 397 and 1.
1
What is the highest common divisor of 120 and 1160?
40
Calculate the highest common divisor of 416 and 988.
52
What is the highest common divisor of 18 and 11619?
9
What is the greatest common divisor of 100 and 800?
100
What is the highest common factor of 23 and 391?
23
Calculate the greatest common divisor of 450 and 3.
3
What is the greatest common factor of 75 and 1695?
15
Calculate the highest common divisor of 1273 and 67.
67
Calculate the greatest common factor of 54 and 45.
9
What is the greatest common divisor of 490 and 770?
70
Calculate the highest common factor of 5301 and 18.
9
What is the highest common divisor of 19 and 2603?
19
Calculate the greatest common factor of 23 and 4163.
23
What is the highest common factor of 42343 and 7?
7
What is the highest common divisor of 10148 and 860?
172
Calculate the greatest common divisor of 288 and 18.
18
Calculate the greatest common divisor of 4725 and 378.
189
What is the greatest common factor of 1152 and 63?
9
What is the greatest common factor of 3710 and 10?
10
Calculate the greatest common factor of 2190 and 20.
10
Calculate the highest common factor of 585 and 260.
65
Calculate the highest common divisor of 3819 and 1005.
201
Calculate the greatest common divisor of 6110 and 39.
13
What is the highest common divisor of 32724 and 27?
27
What is the highest common divisor of 36 and 1908?
36
Calculate the greatest common factor of 20 and 2230.
10
Calculate the greatest common factor of 21 and 336.
21
What is the greatest common divisor of 150 and 450?
150
What is the greatest common divisor of 806 and 1922?
62
What is the highest common factor of 40 and 70?
10
Calculate the highest common divisor of 518 and 14.
14
What is the highest common divisor of 45 and 720?
45
Calculate the greatest common divisor of 2376 and 324.
108
Calculate the highest common factor of 162 and 918.
54
Calculate the highest common factor of 10 and 3495.
5
What is the greatest common divisor of 115 and 4715?
115
What is the highest common factor of 20 and 540?
20
Calculate the greatest common factor of 410 and 30.
10
What is the highest common factor of 1 and 4?
1
Calculate the highest common factor of 6 and 6338.
2
What is the greatest common factor of 76 and 228?
76
What is the highest common divisor of 15 and 2085?
15
What is the greatest common divisor of 102 and 30?
6
What is the highest common factor of 27 and 4509?
27
What is the greatest common factor of 540 and 1180?
20
Calculate the greatest common factor of 255 and 2873.
17
What is the highest common divisor of 131 and 1?
1
Calculate the greatest common factor of 417 and 4031.
139
Calculate the greatest common divisor of 63 and 84.
21
Calculate the greatest common factor of 288 and 384.
96
Calculate the highest common factor of 418 and 1045.
209
What is the highest common factor of 24 and 184?
8
What is the highest common factor of 166 and 4399?
83
Calculate the highest common divisor of 22 and 605.
11
What is the greatest common factor of 104 and 104?
104
Calculate the highest common factor of 4 and 2732.
4
Calculate the greatest common divisor of 1256 and 16.
8
Calculate the greatest common divisor of 296 and 37.
37
Calculate the highest common factor of 28 and 1988.
28
What is the greatest common factor of 249 and 664?
83
Calculate the highest common factor of 66 and 66.
66
Calculate the highest common divisor of 48 and 42.
6
What is the highest common divisor of 414 and 18?
18
What is the greatest common divisor of 1528 and 573?
191
Calculate the greatest common factor of 845 and 13.
13
What is the highest common divisor of 120 and 255?
15
Calculate the highest common factor of 25599 and 477.
159
Calculate the greatest common divisor of 8 and 1048.
8
Calculate the greatest comm